{"id":104,"date":"2018-04-16T20:37:03","date_gmt":"2018-04-16T18:37:03","guid":{"rendered":"http:\/\/ubezpieczenia.berlin\/index.php\/front-page\/"},"modified":"2022-05-05T19:12:44","modified_gmt":"2022-05-05T17:12:44","slug":"home","status":"publish","type":"page","link":"https:\/\/ubezpieczenia.berlin\/","title":{"rendered":"Home"},"content":{"rendered":"<h1 style=\"text-align: center; font-size: 1.44em;\"><strong>Ubezpieczenia i kredyty dla Polak\u00f3w w Niemczech<\/strong><\/h1>\n<p>Nie od dzi\u015b wiadomo, \u017ce nieznajomo\u015b\u0107 prawa nie pomaga, ale szkodzi. Ta parafraza znanego powiedzenia idealnie odnosi si\u0119 do ubezpieczenia w Niemczech. Nasi zachodni s\u0105siedzi wprowadzili obligatoryjno\u015b\u0107, je\u015bli chodzi o odprowadzanie sk\u0142adek zdrowotnych dla wszystkich mieszka\u0144c\u00f3w tego kraju. Dotyczy to tak\u017ce Polak\u00f3w, kt\u00f3rzy chcieli by si\u0119 osiedli\u0107 na sta\u0142e w Niemczech. Wy\u0142\u0105czone z tego obowi\u0105zku s\u0105 jedynie osoby, kt\u00f3re przebywaj\u0105 tymczasowo za nasz\u0105 zachodni\u0105 granic\u0105. W przeciwnym razie w przypadku za\u0142o\u017cenia w\u0142asnej dzia\u0142alno\u015bci na terenie Niemiec lub podj\u0119cia pracy na pe\u0142nym etacie na podstawie tamtejszej umowy istnieje obligatoryjno\u015b\u0107 zdrowotnego ubezpieczenia si\u0119. Niezrealizowanie tego grozi nadp\u0142at\u0105 sk\u0142adek za ka\u017cdy dzie\u0144 zw\u0142oki. Cho\u0107 mo\u017ce wydawa\u0107 si\u0119 to nieco skomplikowane, jeste\u015bmy dla Ciebie po to, by Ci w tym pom\u00f3c. Dlatego przekonaj si\u0119 o tym, co mamy do zaoferowania i przekonaj si\u0119 ju\u017c dzi\u015b, \u017ce z nami mo\u017cesz nawet sporo zaoszcz\u0119dzi\u0107.<\/p>\n<p><strong>Profesjonalne po\u015brednictwo ubezpieczeniowe w Niemczech dla Polak\u00f3w<\/strong><\/p>\n<p>Pragniesz otworzy\u0107 w\u0142asn\u0105 dzia\u0142alno\u015b\u0107 w kraju naszych zachodnich s\u0105siad\u00f3w i nie wiesz, jak znale\u017a\u0107 dla siebie odpowiednie ubezpieczenie? A mo\u017ce w\u0142a\u015bnie si\u0119 przeprowadzasz np. do Berlina i chcesz zagwarantowa\u0107 sobie finansow\u0105 \u201eopiek\u0119\u201d w wyniku niespodziewanych \u017cyciowych zdarze\u0144? Niezale\u017cnie od sytuacji, w kt\u00f3rej obecnie si\u0119 znajdujesz, pomo\u017cemy znale\u017a\u0107 Ci to, czego szukasz. W szerokim spectrum \u015bwiadczonych przez nas us\u0142ug mo\u017cesz wybra\u0107 r\u00f3\u017cnego rodzaju ubezpieczenia dla Polak\u00f3w w Niemczech m.in.:<\/p>\n<ul>\n<li>samochodu,<\/li>\n<li>prywatne OC,<\/li>\n<li>zdrowotne, NWW i podr\u00f3\u017cne,<\/li>\n<li>emerytalne,<\/li>\n<li>na \u017cycie,<\/li>\n<li>prawne,<\/li>\n<li>dla firmy,<\/li>\n<li>nieruchomo\u015bci (domu, mieszkania),<\/li>\n<li>a tak\u017ce wiele innych.<\/li>\n<\/ul>\n<p>Nasza firma proponuje niezale\u017cne po\u015brednictwo oraz doradztwo ubezpieczeniowe, dzi\u0119ki czemu zyskujesz pewno\u015b\u0107 zwi\u0105zan\u0105 z najlepsz\u0105 ofert\u0105 na rynku niemieckim. Nie wiesz, od czego zacz\u0105\u0107? Zapoznaj si\u0119 z informacjami dost\u0119pnymi na naszej stronie internetowej ubezpieczenia.berlin, a nast\u0119pnie skontaktuj si\u0119 z nami. W ka\u017cdym kolejnym kroku dzia\u0142a\u0107 b\u0119dziemy ju\u017c wsp\u00f3lnie.<\/p>\n<p><strong>Zaufaj nam! Kredyty dla Polak\u00f3w w Niemczech s\u0105 jak najbardziej mo\u017cliwe!<\/strong><\/p>\n<p>Nie znasz si\u0119 na obowi\u0105zuj\u0105cych przepisach dotycz\u0105cych przyznawania kredytu w kraju naszych zachodnich s\u0105siad\u00f3w? Nie musisz si\u0119 zna\u0107, by go uzyska\u0107. Jeste\u015bmy od tego, by Ci pom\u00f3c we wszystkich formalno\u015bciach, a tak\u017ce udzieli\u0107 Ci stosownych informacji odno\u015bnie wszystkich zasad, kt\u00f3re Ci\u0119 b\u0119d\u0105 obowi\u0105zywa\u0107. Niezale\u017cnie od tego czy potrzebujesz kredytu na mieszkanie, samoch\u00f3d czy dom, z nami wybierzesz dla siebie ofert\u0119, kt\u00f3ra najbardziej b\u0119dzie odpowiada\u0142a Twoim potrzebom. Z do\u015bwiadczenia wiemy, \u017ce Polacy mieszkaj\u0105cy w Niemczech najcz\u0119\u015bciej udaj\u0105 si\u0119 po kredyt do swojego banku. Cz\u0119sto jest on jednak mocno oprocentowany, przez to wiele os\u00f3b go przeinwestowuje. Wybieraj\u0105c nasz\u0105 firm\u0119, Ci to nie grozi. Wyszukamy kredyt na najkorzystniejszych warunkach dla Ciebie, nawet z oprocentowaniem 0 %. Pomo\u017cemy nie tylko w procesie przyznawania kredytu, ale r\u00f3wnie\u017c w zmianie taryfy pr\u0105du i gazu. Je\u017celi interesuje Ci\u0119 nasza oferta, spotkaj si\u0119 z nami w Berlinie lub Brandenburgii! Mieszkasz w innej cz\u0119\u015bci Niemiec? Po prostu zadzwo\u0144 do nas!<\/p>\n<div style=\"text-align: center;\"><a href=\"https:\/\/ubezpieczenia.berlin\/index.php\/2018\/09\/06\/ubezpiecznie-samochodu-w-niemczech\/\"><img loading=\"lazy\" decoding=\"async\" class=\"wp-image-581 size-thumbnail alignnone\" src=\"https:\/\/ubezpieczenia.berlin\/wp-content\/uploads\/2018\/09\/Ubezpieczenie-samochodu-w-Niemczech-150x150.png\" alt=\"Ubezpieczenie samochodu w Niemczech\" width=\"150\" height=\"150\" srcset=\"https:\/\/ubezpieczenia.berlin\/wp-content\/uploads\/2018\/09\/Ubezpieczenie-samochodu-w-Niemczech-150x150.png 150w, https:\/\/ubezpieczenia.berlin\/wp-content\/uploads\/2018\/09\/Ubezpieczenie-samochodu-w-Niemczech-300x300.png 300w, https:\/\/ubezpieczenia.berlin\/wp-content\/uploads\/2018\/09\/Ubezpieczenie-samochodu-w-Niemczech-768x768.png 768w, https:\/\/ubezpieczenia.berlin\/wp-content\/uploads\/2018\/09\/Ubezpieczenie-samochodu-w-Niemczech-510x510.png 510w, https:\/\/ubezpieczenia.berlin\/wp-content\/uploads\/2018\/09\/Ubezpieczenie-samochodu-w-Niemczech.png 854w\" sizes=\"auto, (max-width: 150px) 100vw, 150px\" \/> \u00a0 <\/a><a href=\"https:\/\/ubezpieczenia.berlin\/index.php\/2018\/09\/05\/ubezpieczenie-oc-prywatne-haftpflichtversicherung\/\"><img loading=\"lazy\" decoding=\"async\" class=\"wp-image-580 size-thumbnail alignnone\" src=\"https:\/\/ubezpieczenia.berlin\/wp-content\/uploads\/2018\/09\/Ubezpieczenie-OC-w-Niemczech-150x150.png\" alt=\"Ubezpieczenie OC w Niemczech\" width=\"150\" height=\"150\" srcset=\"https:\/\/ubezpieczenia.berlin\/wp-content\/uploads\/2018\/09\/Ubezpieczenie-OC-w-Niemczech-150x150.png 150w, https:\/\/ubezpieczenia.berlin\/wp-content\/uploads\/2018\/09\/Ubezpieczenie-OC-w-Niemczech-300x300.png 300w, https:\/\/ubezpieczenia.berlin\/wp-content\/uploads\/2018\/09\/Ubezpieczenie-OC-w-Niemczech-768x768.png 768w, https:\/\/ubezpieczenia.berlin\/wp-content\/uploads\/2018\/09\/Ubezpieczenie-OC-w-Niemczech-510x510.png 510w, https:\/\/ubezpieczenia.berlin\/wp-content\/uploads\/2018\/09\/Ubezpieczenie-OC-w-Niemczech.png 854w\" sizes=\"auto, (max-width: 150px) 100vw, 150px\" \/> \u00a0 <\/a><a href=\"https:\/\/ubezpieczenia.berlin\/index.php\/2018\/09\/04\/ubezpieczenie-zdrowotne-berlin\/\"><img loading=\"lazy\" decoding=\"async\" class=\"wp-image-582 size-thumbnail alignnone\" src=\"https:\/\/ubezpieczenia.berlin\/wp-content\/uploads\/2018\/09\/Ubezpieczenie-zdrowotne-w-Niemczech-150x150.png\" alt=\"Ubezpieczenie zdrowotne w Niemczech\" width=\"150\" height=\"150\" srcset=\"https:\/\/ubezpieczenia.berlin\/wp-content\/uploads\/2018\/09\/Ubezpieczenie-zdrowotne-w-Niemczech-150x150.png 150w, https:\/\/ubezpieczenia.berlin\/wp-content\/uploads\/2018\/09\/Ubezpieczenie-zdrowotne-w-Niemczech-300x300.png 300w, https:\/\/ubezpieczenia.berlin\/wp-content\/uploads\/2018\/09\/Ubezpieczenie-zdrowotne-w-Niemczech-768x768.png 768w, https:\/\/ubezpieczenia.berlin\/wp-content\/uploads\/2018\/09\/Ubezpieczenie-zdrowotne-w-Niemczech-510x510.png 510w, https:\/\/ubezpieczenia.berlin\/wp-content\/uploads\/2018\/09\/Ubezpieczenie-zdrowotne-w-Niemczech.png 854w\" sizes=\"auto, (max-width: 150px) 100vw, 150px\" \/> \u00a0 <\/a><a href=\"https:\/\/ubezpieczenia.berlin\/index.php\/2018\/09\/04\/ubezpiezenie-emerytalnei-na-zycie\/\"><img loading=\"lazy\" decoding=\"async\" class=\"wp-image-599 size-thumbnail alignnone\" src=\"https:\/\/ubezpieczenia.berlin\/wp-content\/uploads\/2018\/09\/Emerytura-w-Niemczech-1-150x150.png\" alt=\"Emerytura w Niemczech\" width=\"150\" height=\"150\" srcset=\"https:\/\/ubezpieczenia.berlin\/wp-content\/uploads\/2018\/09\/Emerytura-w-Niemczech-1-150x150.png 150w, https:\/\/ubezpieczenia.berlin\/wp-content\/uploads\/2018\/09\/Emerytura-w-Niemczech-1-300x300.png 300w, https:\/\/ubezpieczenia.berlin\/wp-content\/uploads\/2018\/09\/Emerytura-w-Niemczech-1-768x768.png 768w, https:\/\/ubezpieczenia.berlin\/wp-content\/uploads\/2018\/09\/Emerytura-w-Niemczech-1-510x510.png 510w, https:\/\/ubezpieczenia.berlin\/wp-content\/uploads\/2018\/09\/Emerytura-w-Niemczech-1.png 854w\" sizes=\"auto, (max-width: 150px) 100vw, 150px\" \/> \u00a0 <\/a><a href=\"https:\/\/ubezpieczenia.berlin\/index.php\/2018\/09\/04\/ubezpieczenie-prawne\/\"><img loading=\"lazy\" decoding=\"async\" class=\"wp-image-577 size-thumbnail alignnone\" src=\"https:\/\/ubezpieczenia.berlin\/wp-content\/uploads\/2018\/09\/Ochrona-prawna-w-Niemczech-150x150.png\" alt=\"Ochrona prawna w Niemczech\" width=\"150\" height=\"150\" srcset=\"https:\/\/ubezpieczenia.berlin\/wp-content\/uploads\/2018\/09\/Ochrona-prawna-w-Niemczech-150x150.png 150w, https:\/\/ubezpieczenia.berlin\/wp-content\/uploads\/2018\/09\/Ochrona-prawna-w-Niemczech-300x300.png 300w, https:\/\/ubezpieczenia.berlin\/wp-content\/uploads\/2018\/09\/Ochrona-prawna-w-Niemczech-768x768.png 768w, https:\/\/ubezpieczenia.berlin\/wp-content\/uploads\/2018\/09\/Ochrona-prawna-w-Niemczech-510x510.png 510w, https:\/\/ubezpieczenia.berlin\/wp-content\/uploads\/2018\/09\/Ochrona-prawna-w-Niemczech.png 854w\" sizes=\"auto, (max-width: 150px) 100vw, 150px\" \/>\u00a0 \u00a0<\/a><\/div>\n<div>\u00a0<\/div>\n<div style=\"text-align: center;\"><a href=\"https:\/\/ubezpieczenia.berlin\/index.php\/2018\/09\/04\/ubezpieczenia-dla-firm-gewerbeversicherungen\/\"><img loading=\"lazy\" decoding=\"async\" class=\"wp-image-579 size-thumbnail alignnone\" src=\"https:\/\/ubezpieczenia.berlin\/wp-content\/uploads\/2018\/09\/Ubezpieczenie-Firmy-w-Niemczech-150x150.png\" alt=\"Ubezpieczenie Firmy w Niemczech\" width=\"150\" height=\"150\" srcset=\"https:\/\/ubezpieczenia.berlin\/wp-content\/uploads\/2018\/09\/Ubezpieczenie-Firmy-w-Niemczech-150x150.png 150w, https:\/\/ubezpieczenia.berlin\/wp-content\/uploads\/2018\/09\/Ubezpieczenie-Firmy-w-Niemczech-300x300.png 300w, https:\/\/ubezpieczenia.berlin\/wp-content\/uploads\/2018\/09\/Ubezpieczenie-Firmy-w-Niemczech-768x768.png 768w, https:\/\/ubezpieczenia.berlin\/wp-content\/uploads\/2018\/09\/Ubezpieczenie-Firmy-w-Niemczech-510x510.png 510w, https:\/\/ubezpieczenia.berlin\/wp-content\/uploads\/2018\/09\/Ubezpieczenie-Firmy-w-Niemczech.png 854w\" sizes=\"auto, (max-width: 150px) 100vw, 150px\" \/> \u00a0 <\/a><a href=\"https:\/\/ubezpieczenia.berlin\/index.php\/2018\/09\/04\/ubezpieczenia-nieruchomosci-w-niemczech\/\"><img loading=\"lazy\" decoding=\"async\" class=\"wp-image-602 size-thumbnail alignnone\" src=\"https:\/\/ubezpieczenia.berlin\/wp-content\/uploads\/2018\/09\/Ubezpieczenie-domu-mieszkania-w-Niemczech-1-150x150.png\" alt=\"\" width=\"150\" height=\"150\" srcset=\"https:\/\/ubezpieczenia.berlin\/wp-content\/uploads\/2018\/09\/Ubezpieczenie-domu-mieszkania-w-Niemczech-1-150x150.png 150w, https:\/\/ubezpieczenia.berlin\/wp-content\/uploads\/2018\/09\/Ubezpieczenie-domu-mieszkania-w-Niemczech-1-300x300.png 300w, https:\/\/ubezpieczenia.berlin\/wp-content\/uploads\/2018\/09\/Ubezpieczenie-domu-mieszkania-w-Niemczech-1-768x768.png 768w, https:\/\/ubezpieczenia.berlin\/wp-content\/uploads\/2018\/09\/Ubezpieczenie-domu-mieszkania-w-Niemczech-1-510x510.png 510w, https:\/\/ubezpieczenia.berlin\/wp-content\/uploads\/2018\/09\/Ubezpieczenie-domu-mieszkania-w-Niemczech-1.png 854w\" sizes=\"auto, (max-width: 150px) 100vw, 150px\" \/>\u00a0 <\/a><a href=\"https:\/\/ubezpieczenia.berlin\/index.php\/2018\/09\/04\/inne-ubezpieczenia\/\"><img loading=\"lazy\" decoding=\"async\" class=\"wp-image-576 size-thumbnail alignnone\" src=\"https:\/\/ubezpieczenia.berlin\/wp-content\/uploads\/2018\/09\/Inne-ubezpieczenia-w-Niemczech-150x150.png\" alt=\"ubezpieczenia w Niemczech\" width=\"150\" height=\"150\" srcset=\"https:\/\/ubezpieczenia.berlin\/wp-content\/uploads\/2018\/09\/Inne-ubezpieczenia-w-Niemczech-150x150.png 150w, https:\/\/ubezpieczenia.berlin\/wp-content\/uploads\/2018\/09\/Inne-ubezpieczenia-w-Niemczech-300x300.png 300w, https:\/\/ubezpieczenia.berlin\/wp-content\/uploads\/2018\/09\/Inne-ubezpieczenia-w-Niemczech-768x768.png 768w, https:\/\/ubezpieczenia.berlin\/wp-content\/uploads\/2018\/09\/Inne-ubezpieczenia-w-Niemczech-510x510.png 510w, https:\/\/ubezpieczenia.berlin\/wp-content\/uploads\/2018\/09\/Inne-ubezpieczenia-w-Niemczech.png 854w\" sizes=\"auto, (max-width: 150px) 100vw, 150px\" \/> \u00a0 <\/a><a href=\"https:\/\/ubezpieczenia.berlin\/index.php\/2020\/05\/28\/ubezpieczenia-zapotrzebowanie\/\"><img loading=\"lazy\" decoding=\"async\" class=\"alignnone wp-image-1083 size-thumbnail\" title=\"okre\u015blenie zapotrzebowania - ubezpieczenia\" src=\"https:\/\/ubezpieczenia.berlin\/wp-content\/uploads\/2020\/05\/okreslenie-zapotrzebowania-150x150.png\" alt=\"\" width=\"150\" height=\"150\" srcset=\"https:\/\/ubezpieczenia.berlin\/wp-content\/uploads\/2020\/05\/okreslenie-zapotrzebowania-150x150.png 150w, https:\/\/ubezpieczenia.berlin\/wp-content\/uploads\/2020\/05\/okreslenie-zapotrzebowania-300x300.png 300w, https:\/\/ubezpieczenia.berlin\/wp-content\/uploads\/2020\/05\/okreslenie-zapotrzebowania-768x768.png 768w, https:\/\/ubezpieczenia.berlin\/wp-content\/uploads\/2020\/05\/okreslenie-zapotrzebowania-510x510.png 510w, https:\/\/ubezpieczenia.berlin\/wp-content\/uploads\/2020\/05\/okreslenie-zapotrzebowania.png 854w\" sizes=\"auto, (max-width: 150px) 100vw, 150px\" \/><\/a><\/div>\n<p><!-- \/wp:post-content --><\/p>\n\n<!-- wp:paragraph -->\n<p><\/p>\n<!-- \/wp:paragraph -->","protected":false},"excerpt":{"rendered":"<p>Ubezpieczenia i kredyty dla Polak\u00f3w w Niemczech Nie od dzi\u015b wiadomo, \u017ce nieznajomo\u015b\u0107 prawa nie pomaga, ale szkodzi. Ta parafraza znanego powiedzenia idealnie odnosi si\u0119 do ubezpieczenia w Niemczech. Nasi zachodni s\u0105siedzi wprowadzili obligatoryjno\u015b\u0107, je\u015bli chodzi o odprowadzanie sk\u0142adek zdrowotnych dla wszystkich mieszka\u0144c\u00f3w tego kraju. Dotyczy to tak\u017ce Polak\u00f3w, kt\u00f3rzy chcieli by si\u0119 osiedli\u0107 na [&hellip;]<\/p>\n","protected":false},"author":1,"featured_media":0,"parent":0,"menu_order":0,"comment_status":"closed","ping_status":"closed","template":"","meta":{"_exactmetrics_skip_tracking":false,"_exactmetrics_sitenote_active":false,"_exactmetrics_sitenote_note":"","_exactmetrics_sitenote_category":0,"footnotes":""},"class_list":["post-104","page","type-page","status-publish","czr-hentry"],"yoast_head":"<!-- This site is optimized with the Yoast SEO plugin v27.4 - https:\/\/yoast.com\/product\/yoast-seo-wordpress\/ -->\n<title>Ubezpieczenia Berlin, kredyty dla Polak\u00f3w w Niemczech - Urbanowicz \u0141ukasz<\/title>\n<meta name=\"description\" content=\"Mieszkasz za zachodni\u0105 granic\u0105 i potrzebujesz pomocy w sprawach prawnych? Zapewniamy po\u015brednictwo ubezpieczeniowe w Niemczech oraz wiele innych us\u0142ug.\" \/>\n<meta name=\"robots\" content=\"index, follow, max-snippet:-1, max-image-preview:large, max-video-preview:-1\" \/>\n<link rel=\"canonical\" href=\"https:\/\/ubezpieczenia.berlin\/\" \/>\n<meta property=\"og:locale\" content=\"pl_PL\" \/>\n<meta property=\"og:type\" content=\"article\" \/>\n<meta property=\"og:title\" content=\"Ubezpieczenia Berlin, kredyty dla Polak\u00f3w w Niemczech - Urbanowicz \u0141ukasz\" \/>\n<meta property=\"og:description\" content=\"Mieszkasz za zachodni\u0105 granic\u0105 i potrzebujesz pomocy w sprawach prawnych? Zapewniamy po\u015brednictwo ubezpieczeniowe w Niemczech oraz wiele innych us\u0142ug.\" \/>\n<meta property=\"og:url\" content=\"https:\/\/ubezpieczenia.berlin\/\" \/>\n<meta property=\"og:site_name\" content=\"Urbanowicz \u0141ukasz\" \/>\n<meta property=\"article:publisher\" content=\"https:\/\/www.facebook.com\/UrbanowiczLukas\/\" \/>\n<meta property=\"article:modified_time\" content=\"2022-05-05T17:12:44+00:00\" \/>\n<meta property=\"og:image\" content=\"http:\/\/ubezpieczenia.berlin\/wp-content\/uploads\/2018\/09\/Ubezpieczenie-samochodu-w-Niemczech-150x150.png\" \/>\n<meta name=\"twitter:card\" content=\"summary_large_image\" \/>\n<meta name=\"twitter:label1\" content=\"Szacowany czas czytania\" \/>\n\t<meta name=\"twitter:data1\" content=\"5 minut\" \/>\n<script type=\"application\/ld+json\" class=\"yoast-schema-graph\">{\"@context\":\"https:\\\/\\\/schema.org\",\"@graph\":[{\"@type\":\"WebPage\",\"@id\":\"https:\\\/\\\/ubezpieczenia.berlin\\\/\",\"url\":\"https:\\\/\\\/ubezpieczenia.berlin\\\/\",\"name\":\"Ubezpieczenia Berlin, kredyty dla Polak\u00f3w w Niemczech - Urbanowicz \u0141ukasz\",\"isPartOf\":{\"@id\":\"https:\\\/\\\/ubezpieczenia.berlin\\\/#website\"},\"primaryImageOfPage\":{\"@id\":\"https:\\\/\\\/ubezpieczenia.berlin\\\/#primaryimage\"},\"image\":{\"@id\":\"https:\\\/\\\/ubezpieczenia.berlin\\\/#primaryimage\"},\"thumbnailUrl\":\"http:\\\/\\\/ubezpieczenia.berlin\\\/wp-content\\\/uploads\\\/2018\\\/09\\\/Ubezpieczenie-samochodu-w-Niemczech-150x150.png\",\"datePublished\":\"2018-04-16T18:37:03+00:00\",\"dateModified\":\"2022-05-05T17:12:44+00:00\",\"description\":\"Mieszkasz za zachodni\u0105 granic\u0105 i potrzebujesz pomocy w sprawach prawnych? Zapewniamy po\u015brednictwo ubezpieczeniowe w Niemczech oraz wiele innych us\u0142ug.\",\"breadcrumb\":{\"@id\":\"https:\\\/\\\/ubezpieczenia.berlin\\\/#breadcrumb\"},\"inLanguage\":\"pl-PL\",\"potentialAction\":[{\"@type\":\"ReadAction\",\"target\":[\"https:\\\/\\\/ubezpieczenia.berlin\\\/\"]}]},{\"@type\":\"ImageObject\",\"inLanguage\":\"pl-PL\",\"@id\":\"https:\\\/\\\/ubezpieczenia.berlin\\\/#primaryimage\",\"url\":\"http:\\\/\\\/ubezpieczenia.berlin\\\/wp-content\\\/uploads\\\/2018\\\/09\\\/Ubezpieczenie-samochodu-w-Niemczech-150x150.png\",\"contentUrl\":\"http:\\\/\\\/ubezpieczenia.berlin\\\/wp-content\\\/uploads\\\/2018\\\/09\\\/Ubezpieczenie-samochodu-w-Niemczech-150x150.png\"},{\"@type\":\"BreadcrumbList\",\"@id\":\"https:\\\/\\\/ubezpieczenia.berlin\\\/#breadcrumb\",\"itemListElement\":[{\"@type\":\"ListItem\",\"position\":1,\"name\":\"Strona g\u0142\u00f3wna\",\"item\":\"https:\\\/\\\/ubezpieczenia.berlin\\\/\"},{\"@type\":\"ListItem\",\"position\":2,\"name\":\"Home\"}]},{\"@type\":\"WebSite\",\"@id\":\"https:\\\/\\\/ubezpieczenia.berlin\\\/#website\",\"url\":\"https:\\\/\\\/ubezpieczenia.berlin\\\/\",\"name\":\"Ubezpiezpieczenia w Berlinie\",\"description\":\"\",\"publisher\":{\"@id\":\"https:\\\/\\\/ubezpieczenia.berlin\\\/#organization\"},\"potentialAction\":[{\"@type\":\"SearchAction\",\"target\":{\"@type\":\"EntryPoint\",\"urlTemplate\":\"https:\\\/\\\/ubezpieczenia.berlin\\\/?s={search_term_string}\"},\"query-input\":{\"@type\":\"PropertyValueSpecification\",\"valueRequired\":true,\"valueName\":\"search_term_string\"}}],\"inLanguage\":\"pl-PL\"},{\"@type\":\"Organization\",\"@id\":\"https:\\\/\\\/ubezpieczenia.berlin\\\/#organization\",\"name\":\"Urbanowicz \u0141ukasz Versicherungsmakler\",\"url\":\"https:\\\/\\\/ubezpieczenia.berlin\\\/\",\"logo\":{\"@type\":\"ImageObject\",\"inLanguage\":\"pl-PL\",\"@id\":\"https:\\\/\\\/ubezpieczenia.berlin\\\/#\\\/schema\\\/logo\\\/image\\\/\",\"url\":\"http:\\\/\\\/ubezpieczenia.berlin\\\/wp-content\\\/uploads\\\/2018\\\/04\\\/Urbanowicz-\u0141ukasz-ubezpieczenia-w-Niemczech.jpg\",\"contentUrl\":\"http:\\\/\\\/ubezpieczenia.berlin\\\/wp-content\\\/uploads\\\/2018\\\/04\\\/Urbanowicz-\u0141ukasz-ubezpieczenia-w-Niemczech.jpg\",\"width\":765,\"height\":217,\"caption\":\"Urbanowicz \u0141ukasz Versicherungsmakler\"},\"image\":{\"@id\":\"https:\\\/\\\/ubezpieczenia.berlin\\\/#\\\/schema\\\/logo\\\/image\\\/\"},\"sameAs\":[\"https:\\\/\\\/www.facebook.com\\\/UrbanowiczLukas\\\/\",\"https:\\\/\\\/www.instagram.com\\\/urbanowiczlukas\\\/\"]}]}<\/script>\n<!-- \/ Yoast SEO plugin. -->","yoast_head_json":{"title":"Ubezpieczenia Berlin, kredyty dla Polak\u00f3w w Niemczech - Urbanowicz \u0141ukasz","description":"Mieszkasz za zachodni\u0105 granic\u0105 i potrzebujesz pomocy w sprawach prawnych? Zapewniamy po\u015brednictwo ubezpieczeniowe w Niemczech oraz wiele innych us\u0142ug.","robots":{"index":"index","follow":"follow","max-snippet":"max-snippet:-1","max-image-preview":"max-image-preview:large","max-video-preview":"max-video-preview:-1"},"canonical":"https:\/\/ubezpieczenia.berlin\/","og_locale":"pl_PL","og_type":"article","og_title":"Ubezpieczenia Berlin, kredyty dla Polak\u00f3w w Niemczech - Urbanowicz \u0141ukasz","og_description":"Mieszkasz za zachodni\u0105 granic\u0105 i potrzebujesz pomocy w sprawach prawnych? Zapewniamy po\u015brednictwo ubezpieczeniowe w Niemczech oraz wiele innych us\u0142ug.","og_url":"https:\/\/ubezpieczenia.berlin\/","og_site_name":"Urbanowicz \u0141ukasz","article_publisher":"https:\/\/www.facebook.com\/UrbanowiczLukas\/","article_modified_time":"2022-05-05T17:12:44+00:00","og_image":[{"url":"http:\/\/ubezpieczenia.berlin\/wp-content\/uploads\/2018\/09\/Ubezpieczenie-samochodu-w-Niemczech-150x150.png","type":"","width":"","height":""}],"twitter_card":"summary_large_image","twitter_misc":{"Szacowany czas czytania":"5 minut"},"schema":{"@context":"https:\/\/schema.org","@graph":[{"@type":"WebPage","@id":"https:\/\/ubezpieczenia.berlin\/","url":"https:\/\/ubezpieczenia.berlin\/","name":"Ubezpieczenia Berlin, kredyty dla Polak\u00f3w w Niemczech - Urbanowicz \u0141ukasz","isPartOf":{"@id":"https:\/\/ubezpieczenia.berlin\/#website"},"primaryImageOfPage":{"@id":"https:\/\/ubezpieczenia.berlin\/#primaryimage"},"image":{"@id":"https:\/\/ubezpieczenia.berlin\/#primaryimage"},"thumbnailUrl":"http:\/\/ubezpieczenia.berlin\/wp-content\/uploads\/2018\/09\/Ubezpieczenie-samochodu-w-Niemczech-150x150.png","datePublished":"2018-04-16T18:37:03+00:00","dateModified":"2022-05-05T17:12:44+00:00","description":"Mieszkasz za zachodni\u0105 granic\u0105 i potrzebujesz pomocy w sprawach prawnych? Zapewniamy po\u015brednictwo ubezpieczeniowe w Niemczech oraz wiele innych us\u0142ug.","breadcrumb":{"@id":"https:\/\/ubezpieczenia.berlin\/#breadcrumb"},"inLanguage":"pl-PL","potentialAction":[{"@type":"ReadAction","target":["https:\/\/ubezpieczenia.berlin\/"]}]},{"@type":"ImageObject","inLanguage":"pl-PL","@id":"https:\/\/ubezpieczenia.berlin\/#primaryimage","url":"http:\/\/ubezpieczenia.berlin\/wp-content\/uploads\/2018\/09\/Ubezpieczenie-samochodu-w-Niemczech-150x150.png","contentUrl":"http:\/\/ubezpieczenia.berlin\/wp-content\/uploads\/2018\/09\/Ubezpieczenie-samochodu-w-Niemczech-150x150.png"},{"@type":"BreadcrumbList","@id":"https:\/\/ubezpieczenia.berlin\/#breadcrumb","itemListElement":[{"@type":"ListItem","position":1,"name":"Strona g\u0142\u00f3wna","item":"https:\/\/ubezpieczenia.berlin\/"},{"@type":"ListItem","position":2,"name":"Home"}]},{"@type":"WebSite","@id":"https:\/\/ubezpieczenia.berlin\/#website","url":"https:\/\/ubezpieczenia.berlin\/","name":"Ubezpiezpieczenia w Berlinie","description":"","publisher":{"@id":"https:\/\/ubezpieczenia.berlin\/#organization"},"potentialAction":[{"@type":"SearchAction","target":{"@type":"EntryPoint","urlTemplate":"https:\/\/ubezpieczenia.berlin\/?s={search_term_string}"},"query-input":{"@type":"PropertyValueSpecification","valueRequired":true,"valueName":"search_term_string"}}],"inLanguage":"pl-PL"},{"@type":"Organization","@id":"https:\/\/ubezpieczenia.berlin\/#organization","name":"Urbanowicz \u0141ukasz Versicherungsmakler","url":"https:\/\/ubezpieczenia.berlin\/","logo":{"@type":"ImageObject","inLanguage":"pl-PL","@id":"https:\/\/ubezpieczenia.berlin\/#\/schema\/logo\/image\/","url":"http:\/\/ubezpieczenia.berlin\/wp-content\/uploads\/2018\/04\/Urbanowicz-\u0141ukasz-ubezpieczenia-w-Niemczech.jpg","contentUrl":"http:\/\/ubezpieczenia.berlin\/wp-content\/uploads\/2018\/04\/Urbanowicz-\u0141ukasz-ubezpieczenia-w-Niemczech.jpg","width":765,"height":217,"caption":"Urbanowicz \u0141ukasz Versicherungsmakler"},"image":{"@id":"https:\/\/ubezpieczenia.berlin\/#\/schema\/logo\/image\/"},"sameAs":["https:\/\/www.facebook.com\/UrbanowiczLukas\/","https:\/\/www.instagram.com\/urbanowiczlukas\/"]}]}},"_links":{"self":[{"href":"https:\/\/ubezpieczenia.berlin\/index.php\/wp-json\/wp\/v2\/pages\/104","targetHints":{"allow":["GET"]}}],"collection":[{"href":"https:\/\/ubezpieczenia.berlin\/index.php\/wp-json\/wp\/v2\/pages"}],"about":[{"href":"https:\/\/ubezpieczenia.berlin\/index.php\/wp-json\/wp\/v2\/types\/page"}],"author":[{"embeddable":true,"href":"https:\/\/ubezpieczenia.berlin\/index.php\/wp-json\/wp\/v2\/users\/1"}],"replies":[{"embeddable":true,"href":"https:\/\/ubezpieczenia.berlin\/index.php\/wp-json\/wp\/v2\/comments?post=104"}],"version-history":[{"count":68,"href":"https:\/\/ubezpieczenia.berlin\/index.php\/wp-json\/wp\/v2\/pages\/104\/revisions"}],"predecessor-version":[{"id":1731,"href":"https:\/\/ubezpieczenia.berlin\/index.php\/wp-json\/wp\/v2\/pages\/104\/revisions\/1731"}],"wp:attachment":[{"href":"https:\/\/ubezpieczenia.berlin\/index.php\/wp-json\/wp\/v2\/media?parent=104"}],"curies":[{"name":"wp","href":"https:\/\/api.w.org\/{rel}","templated":true}]}}